(-4)*72/(-63). Suppose -1019 = -z*j + 305. Is j composite?
False
Suppose -6*w + 3*w + 159 = 0. Suppose 4*g = -2*u - 1162, 629 - w = -2*g - 2*u. Let o = -208 - g. Is o composite?
True
Let j = 756 - -299. Is j a composite number?
True
Suppose 0 = 4*v - 4*n + 16, 5*v + 0*v + 2*n = -34. Let i(z) = -4*z**3 - 8*z**2 - 8*z + 9. Is i(v) a prime number?
False
Let q(r) = -46*r - 4. Let h be q(-11). Let u = 1241 - h. Is u composite?
False
Let i(o) = o**2 - 13*o - 1. Let a be i(12). Let q(w) = -2*w - 3*w - 15 + 3. Is q(a) a prime number?
True
Let z be 0 + 1 - (-5 - 1). Suppose 5*x - z - 5 = -k, 2*k = -5*x + 9. Suppose x*l - 4*l + 791 = 0. Is l composite?
True
Let y(x) = -x**3 + 6*x**2 - 5*x + 1. Suppose 5*j - 18 = 5*d + 17, -5*d = 10. Let g be y(j). Is (-2334)/(-6) + g*2 composite?
True
Suppose -2*v + 3*l = -15461, -9*v + 7*v = 5*l - 15421. Is v composite?
False
Let a = -29500 - -54443. Is a a composite number?
False
Let w(t) = 64*t + 45. Let i = 2 + 11. Is w(i) prime?
True
Let r = -673 + 687. Is r a composite number?
True
Suppose 2*z - 455 - 645 = 0. Suppose -2*u = q - 4*u - 105, -5*q = -5*u - z. Is q composite?
True
Suppose b + 5*q = 1248 + 396, 4*q = -2*b + 3282. Is b prime?
False
Suppose -5*j - 14 = 2*n, -n - 22 = -3*n + 4*j. Suppose -3*u = -s + 3362 + 309, -2*u - 11020 = -n*s. Let o = s - 2557. Is o a composite number?
False
Let l(q) = q**3 + 32*q**2 - 2*q - 34. Is l(-15) prime?
True
Let q be 32/4*35 - (-1 - 1). Suppose -v - 16 - 11 = 0. Let m = q - v. Is m a composite number?
True
Suppose -8*g + 3*g = -14260. Suppose 0 = 3*y + y + g. Is y/(-11) + 16/88 a prime number?
False
Let o(q) = -2*q**2 - 2*q. Let y be o(-1). Suppose 0 = 2*l - y*l + 2. Is -3 - (l - 0) - -499 a composite number?
True
Suppose 5*x - 83870 = 3*q, 3*x - 18*q - 50322 = -20*q. Is x prime?
False
Suppose 4*m = 8*m - 88. Suppose 5*t - 45 = 5*v, t + 3*v = 3*t - m. Is t/20 + (-247)/(-4) prime?
False
Let q(a) = -a**3 + 12*a**2 + 4. Let b be q(12). Suppose -v = -1 - b. Suppose 0 = 3*s + 3*m - 129, v*s + 2*m - m = 227. Is s a prime number?
False
Let t be (85 - 1)*3456/126. Suppose s - 1138 = -2*l, 5*s + t = 2*l + 2*l. Is l a composite number?
False
Let g(h) = h**3 + 21*h**2 - 12*h - 13. Let j be g(-21). Suppose -2*s - 3*f + 886 = 0, -1539 = -4*s - 3*f + j. Is s a prime number?
False
Suppose -a + 3*f + 12036 = -38890, 203697 = 4*a - 5*f. Is a composite?
False
Let t = -200 + 106. Let j be 6/18 - t/6. Suppose -2*m = 2*v + 5 - 195, 0 = -4*v + j. Is m composite?
True
Let u(b) = -b**3 - 6*b**2 - 2*b + 4834. Is u(0) prime?
False
Let m be 2 + -5 - (-18 - (-1)/(-1)). Suppose 8*t + 168 = m*t. Is t composite?
True
Let m(s) = 2*s**3 + 4*s**2 - 5*s + 3. Let l be m(4). Let j = l + -86. Is j a prime number?
True
Suppose -3*o + 4*c = 6, 2*c - 6 + 2 = 2*o. Let v be ((-12)/8)/(1/o). Suppose -v*d + 16 = 4. Is d a composite number?
True
Let c = -11 + 16. Suppose 2*p = 2*k + 10, -4*p + 3*p + 13 = -c*k. Suppose 0 = p*y - 3, 3*x + y - 71 = 131. Is x composite?
False
Let w(i) = 162*i**2 - 3*i - 22. Let b be w(11). Suppose -g = -12*g + b. Is g a prime number?
True
Let h(u) = -u**2 - 8*u - 9. Let n be h(-7). Let p be (18/(-4))/(n/12). Let a = -12 + p. Is a composite?
True
Suppose -11 = 5*x - 3*f, -2*x - 3*x + 2*f - 14 = 0. Let u(i) = 48*i**2 - 7*i + 1. Is u(x) a prime number?
True
Let g(t) = t**3 - 6*t**2 + 7*t - 6. Suppose -3*v + 15 = -0. Let m be g(v). Suppose -1267 = -4*l - l + m*i, 6 = -2*i. Is l a composite number?
False
Suppose -13*y - 18 = -4*y. Is y/(52/(-23578)) - 50/(-325) prime?
True
Suppose 7*g = 2*g + 5. Let p = g + -129. Is 0 - p - (14 - 13) composite?
False
Suppose 7*k - 11*k + 23812 = 0. Is k a prime number?
True
Let i(u) = 163*u**2 - 21*u - 5. Is i(6) composite?
False
Suppose -c + 1737 = 498. Suppose -c = -9*l + 6*l. Is l a composite number?
True
Suppose 4*i + 5*k - k + 1992 = 0, 0 = 5*k + 20. Let g = i + 963. Is g prime?
False
Suppose q = 2*v + v + 2736, -5*q = 4*v + 3667. Let x = v - -1866. Is x composite?
False
Let k = 5 - 5. Let x be 2 + 2 + 3 + k. Let g = 102 + x. Is g a composite number?
False
Let n be (1 - -3)/(-4) - 3. Is 4 + (2 - -315) + n composite?
False
Is (222036/42)/(20/70) composite?
False
Let c be (14/(-3))/(-4 - (-130092)/32526). Suppose -1043 = -12*r + c. Is r prime?
False
Suppose -24989 = -4*d - 3*m, 3*d + 3*m - 18723 = 7*m. Is d composite?
True
Is (-8 - 280/(-30)) + (-50998)/(-6) a composite number?
False
Let m(o) be the second derivative of o**5/20 + 13*o**4/12 - 8*o**3/3 + 3*o**2/2 - 10*o. Is m(-13) a prime number?
True
Let z = -30 - 4. Let g(u) = -u**2 - 39*u - 21. Is g(z) a prime number?
True
Let h be 4 - (2/(-2) - -2780). Let o = h - -3890. Is o composite?
True
Let n be 6/(-12) - (45/6)/(-3). Suppose 5*q + j + n*j - 2101 = 0, 2*q + 5*j - 848 = 0. Is q prime?
True
Let y = -1081 - -1080. Let q(i) = -98*i - 106*i - 18*i + 1. Is q(y) composite?
False
Suppose 0 = -4*q - 0*q. Suppose -3*i - 4 = -2*z - 1, q = 5*z + 5*i + 5. Suppose 0 = -2*k + 3*g + 2126, -5365 = -5*k - z*k - 5*g. Is k composite?
False
Suppose 7*z = 12*z - 19975. Suppose 360 = 5*j - z. Is j a composite number?
True
Let f(j) = -686*j - 85. Is f(-19) composite?
True
Let v(p) be the first derivative of p**4/2 + 2*p**3 + 3*p**2 + p + 366. Let z = 4 + 1. Is v(z) a prime number?
True
Let w(i) = 22*i**2 - 30*i + 105. Is w(17) a prime number?
True
Is (3321 - -86)*(-2)/(-2) a composite number?
False
Let a be -3 - (2 - 7) - (-3 - -5). Suppose p + 2*g - 943 = a, -4739 = -4*p + 5*g - 902. Is p a prime number?
True
Let z(w) = 2*w**2 - 93*w - 29. Is z(-33) a prime number?
False
Let d(c) be the first derivative of 95*c**4/24 - 7*c**3/6 + 3*c**2/2 + 2. Let n(o) be the second derivative of d(o). Is n(6) composite?
False
Suppose -6*w - 130405 = -17*w. Is w a prime number?
False
Let x(w) be the second derivative of -w**5/20 + 11*w**4/12 - 3*w**3/2 - 5*w**2/2 - 4*w. Let g be x(10). Suppose -g*t + 111 = -634. Is t composite?
False
Let j(q) = -q**3 + 18*q**2 + 19*q + 2. Let c be j(19). Suppose 5*d + 377 = 2*v, -c*v + 0*d + 386 = -2*d. Suppose -y + 151 = -v. Is y a composite number?
False
Suppose 0 = 4*r + 2*a - 4590, -3*r - 5*a + 492 = -2954. Let q = r - 348. Is q a composite number?
True
Let b = 1205 + -1769. Let a = -313 - b. Is a a composite number?
False
Let c(i) = 3*i**2 + 25*i + 2. Let p be c(-8). Is 1/((-1)/46)*267/p a prime number?
False
Let l(r) = r**3 - 3*r**2 + 27*r - 12. Is l(9) a prime number?
False
Suppose -37*v + 28437 = -34*v. Is v a composite number?
False
Let w be -6 + 2 + (1 - -4). Suppose n - w = -0. Let h(a) = 82*a - 3. Is h(n) a composite number?
False
Let j(y) = 19*y**3 - 5*y**2 - 4*y + 5. Suppose 4*x - 5*x = 5. Let i(n) = 18*n**3 - 6*n**2 - 5*n + 6. Let u(p) = x*i(p) + 6*j(p). Is u(2) a prime number?
False
Let g be (-5)/((-180)/88156) - (-2)/9. Let b = -1422 + g. Is b a composite number?
True
Let c(p) = p**3 + 13*p**2 + 11*p - 10. Let b be c(-12). Suppose -3905 = -b*l - 9*l. Is l composite?
True
Suppose 16 = 4*y - 44. Let w be 18/4*(-20)/y. Is ((-764)/w)/((-12)/(-18)) prime?
True
Suppose a + 15 = 6*a. Let c(o) = o**2 - o - 1. Let x be c(a). Suppose 4*g - 230 = -x*t, -3*g + 189 = t + 22. Is g a prime number?
False
Suppose -937 + 99 = -2*g. Is g a composite number?
False
Let g(t) = -400*t**3 - t - 1. Let l be (2/(-2))/3*3. Let v be g(l). Suppose 0 = -2*x + 4, 5*c - v = 2*x + 3*x. Is c a composite number?
True
Let z = 5810 + 353. Is z a prime number?
True
Let z = -7 + 9. Let s(v) = 0*v + 7*v + 0*v - 9 + z*v**2 - v. Is s(-13) a prime number?
True
Let n = 3425 - -1836. Is n a composite number?
False
Suppose s + 2*d - 4405 = 7228, d = -2*s + 23251. Is s prime?
False
Let i(v) = v**3 + 3*v**2 - 3*v - 9. Let c be i(-3). Suppose c*w - 4755 = -15*w. Is w a composite number?
False
Let n = -1 - -6. Let m(q) = n - 11 - 68*q + 3. Is m(-2) composite?
True
Suppose 5*h + 17991 - 223036 = -5*z, h = z + 41019. Is h a composite number?
True
Let n(f) = -14239*f**3 + 4*f**2 - 2*f - 2. Is n(-1) a composite number?
False
Suppose 3*t - 3 + 3 = 0. Suppose t = 9*s - 8058 + 21. Is s composite?
True
Suppose 316*w - 311*w - 289492 = -r, -5*w - 4*r + 289483 = 0. Is w a composite number?
False
Suppose 8*k - 33811 - 20629 = 0. Is k composite?
True
Let w(d) = -13*d + 12. Let b(u) = u - 9. Let t be b(4). Is w(t) a composite number?
True
Suppose 